{"id":13692,"date":"2026-09-01T10:01:18","date_gmt":"2026-09-01T08:01:18","guid":{"rendered":"https:\/\/www.eprocurement.tv\/?post_type=speakers&#038;p=13692"},"modified":"2026-09-01T10:02:50","modified_gmt":"2026-09-01T08:02:50","slug":"moravcikova-lucie","status":"publish","type":"speakers","link":"https:\/\/www.eprocurement.tv\/pl\/speakers\/moravcikova-lucie\/","title":{"rendered":"Morav\u010d\u00edkov\u00e1 Lucie"},"content":{"rendered":"<p>Lucie Morav\u010d\u00edkov\u00e1 se dlouhodob\u011b specializuje na poskytov\u00e1n\u00ed pr\u00e1vn\u00edch slu\u017eeb v oblasti zad\u00e1v\u00e1n\u00ed ve\u0159ejn\u00fdch zak\u00e1zek, a to se zvl\u00e1\u0161tn\u00edm d\u016frazem na praktick\u00e9 aspekty zadavatelsk\u00e9 i dodavatelsk\u00e9 praxe. V tomto oboru p\u016fsob\u00ed od roku 2009, p\u0159i\u010dem\u017e se odborn\u011b zam\u011b\u0159uje zejm\u00e9na na problematiku stanoven\u00ed p\u0159edpokl\u00e1dan\u00e9 hodnoty ve\u0159ejn\u00fdch zak\u00e1zek, zm\u011bny z\u00e1vazk\u016f ze smlouvy (vyhrazen\u00e9 i nevyhrazen\u00e9), specifika koncesn\u00edch \u0159\u00edzen\u00ed a ot\u00e1zky elektronizace ve\u0159ejn\u00fdch zak\u00e1zek.<br><br>Je aktivn\u00edm lektorem se zam\u011b\u0159en\u00edm na praktick\u00e9 dopady legislativy ve\u0159ejn\u00fdch zak\u00e1zek. P\u0159edn\u00e1\u0161ky a \u0161kolen\u00ed p\u0159izp\u016fsobuje aktu\u00e1ln\u00edm trend\u016fm, rozhodovac\u00ed praxi i individu\u00e1ln\u00edm pot\u0159eb\u00e1m \u00fa\u010dastn\u00edk\u016f z \u0159ad odborn\u00e9 ve\u0159ejnosti.<\/p>","protected":false},"excerpt":{"rendered":"<p>Lucie Morav\u010d\u00edkov\u00e1 se dlouhodob\u011b specializuje na poskytov\u00e1n\u00ed pr\u00e1vn\u00edch slu\u017eeb v oblasti zad\u00e1v\u00e1n\u00ed ve\u0159ejn\u00fdch zak\u00e1zek, a to se zvl\u00e1\u0161tn\u00edm d\u016frazem na praktick\u00e9 aspekty zadavatelsk\u00e9 i dodavatelsk\u00e9 praxe. V tomto oboru p\u016fsob\u00ed od roku 2009, p\u0159i\u010dem\u017e se odborn\u011b zam\u011b\u0159uje zejm\u00e9na na problematiku stanoven\u00ed p\u0159edpokl\u00e1dan\u00e9 hodnoty ve\u0159ejn\u00fdch zak\u00e1zek, zm\u011bny z\u00e1vazk\u016f ze smlouvy (vyhrazen\u00e9 i nevyhrazen\u00e9), specifika koncesn\u00edch \u0159\u00edzen\u00ed [&hellip;]<\/p>\n","protected":false},"featured_media":13693,"template":"","meta":{"_acf_changed":true,"inline_featured_image":false},"class_list":["post-13692","speakers","type-speakers","status-publish","has-post-thumbnail","hentry"],"acf":[],"_links":{"self":[{"href":"https:\/\/www.eprocurement.tv\/pl\/wp-json\/wp\/v2\/speakers\/13692","targetHints":{"allow":["GET"]}}],"collection":[{"href":"https:\/\/www.eprocurement.tv\/pl\/wp-json\/wp\/v2\/speakers"}],"about":[{"href":"https:\/\/www.eprocurement.tv\/pl\/wp-json\/wp\/v2\/types\/speakers"}],"wp:featuredmedia":[{"embeddable":true,"href":"https:\/\/www.eprocurement.tv\/pl\/wp-json\/wp\/v2\/media\/13693"}],"wp:attachment":[{"href":"https:\/\/www.eprocurement.tv\/pl\/wp-json\/wp\/v2\/media?parent=13692"}],"curies":[{"name":"wp","href":"https:\/\/api.w.org\/{rel}","templated":true}]}}

Moravčíková Lucie

<p>Lucie Moravčíková se dlouhodobě specializuje na poskytování právních služeb v oblasti zadávání veřejných zakázek, a to se zvláštním důrazem na praktické aspekty zadavatelské i dodavatelské praxe. V tomto oboru působí od roku 2009, přičemž se odborně zaměřuje zejména na problematiku stanovení předpokládané hodnoty veřejných zakázek, změny závazků ze smlouvy (vyhrazené i nevyhrazené), specifika koncesních řízení a otázky elektronizace veřejných zakázek.<br><br>Je aktivním lektorem se zaměřením na praktické dopady legislativy veřejných zakázek. Přednášky a školení přizpůsobuje aktuálním trendům, rozhodovací praxi i individuálním potřebám účastníků z řad odborné veřejnosti.</p>

<p>Lucie Moravčíková se dlouhodobě specializuje na poskytování právních služeb v oblasti zadávání veřejných zakázek, a to se zvláštním důrazem na praktické aspekty zadavatelské i dodavatelské praxe. V tomto oboru působí od roku 2009, přičemž se odborně zaměřuje zejména na problematiku stanovení předpokládané hodnoty veřejných zakázek, změny závazků ze smlouvy (vyhrazené i nevyhrazené), specifika koncesních řízení [&hellip;]</p>
